ime factors of b.
2
Let o = 2 - 3. Let x = 6 + o. What are the prime factors of x?
5
Let z(g) = 6*g**3 - g**2 + 1. Let v be -2*((-3)/1)/6. What are the prime factors of z(v)?
2, 3
Let d(u) = u**3 - 7*u**2 + u + 2. Let a be d(3). Let o = -15 - a. Suppose 4*h = n - o, -3*h = -0*h + 6. List the prime factors of n.
2
Let x be -1*0*1/3. List the prime factors of (3 + (x - 2))*13.
13
Let q = 95 - 26. List the prime factors of q.
3, 23
Let j = 22 - 13. Let l(m) = m + 1. What are the prime factors of l(j)?
2, 5
Suppose 2*z + 2*z - 16 = 0. Let q(y) be the first derivative of y**4/4 - 4*y**3/3 + 2*y**2 - 2*y - 1. List the prime factors of q(z).
2, 7
Suppose 0 = 4*v + a + 23, 3*v + 0*v = -a - 18. Let y(k) = -k**2 - 8*k - 4. Let z be y(-7). Let s = z - v. What are the prime factors of s?
2
List the prime factors of (-3089 - 1)/3*12/(-30).
2, 103
Let g be 1/(1*(-1)/(-12)). Suppose 2*p = 5*p - g. Suppose -2*c = -0*c - p. What are the prime factors of c?
2
Suppose d = -3*d + 4. What are the prime factors of (d/2)/((-6)/(-120))?
2, 5
Let l(q) be the second derivative of q**4/2 + q**3/2 - q**2/2 - q. Let j be l(-3). Suppose -4*c + 0 + j = 0. List the prime factors of c.
11
Let n(v) = 103*v**2 - v - 1. What are the prime factors of n(1)?
101
Let s(a) = 3*a - 5. Let x be (-9)/(-12)*(8 - 0). What are the prime factors of s(x)?
13
Suppose -3*z = 29 - 77. List the prime factors of z.
2
Let u = -10 + 15. Suppose u*s - 39 = 2*s. List the prime factors of s.
13
Let a = 10 - 6. Let l(v) = v**3 - 5*v**2 + 4*v + 4. Let f be l(a). Suppose f*w + 0*w = 12. What are the prime factors of w?
3
Let w(n) = -5*n**3 + n**2 + 6*n + 2. Let t(c) = -4*c**3 + c**2 + 6*c + 1. Let m(f) = -4*t(f) + 3*w(f). Let r be m(4). List the prime factors of (1/2)/(1/r).
13
List the prime factors of (-4 - (-5 - -1)) + -2 + 102.
2, 5
Let f(v) = -3*v**3 + 16*v**2 - 4*v + 9. Let s(x) = -x**3 + 5*x**2 - x + 3. Let u(a) = 6*f(a) - 17*s(a). List the prime factors of u(10).
3, 11
Let y = 20 - 16. What are the prime factors of y?
2
Let f(x) = x**2 - 2*x + 8. What are the prime factors of f(-10)?
2
Suppose -920 = -6*t + 2*t + 4*w, 0 = -5*t + 4*w + 1150. What are the prime factors of t?
2, 5, 23
Let q(m) = 41*m**2 + 2*m + 1. List the prime factors of q(-1).
2, 5
Suppose -5*o - 14 = 1. Let g be 0 + 29 + o/3. Suppose p - 4*p = -2*x - g, -5*p = -x - 35. List the prime factors of p.
2, 3
Let f(u) = -u**2 + 15*u - 12. Let w be f(11). Let o = -17 + w. List the prime factors of o.
3, 5
Suppose 2*p - 34 = p. List the prime factors of p.
2, 17
Suppose -c = -0 + 3. What are the prime factors of (-1)/(((-6)/(-58))/c)?
29
Let t(h) = h**3 + 9*h**2 - 11*h + 7. Let i be t(-10). Let z(p) = p**3 + 6*p**2 - 5*p - 4. Let v be z(-3). Let j = v - i. List the prime factors of j.
3, 7
Let n(k) be the second derivative of -4*k**3/3 + k**2/2 + 2*k. Let y be (-1)/(-2)*(-7 - -5). List the prime factors of n(y).
3
Let a(n) = 2*n**3 + 2*n**2 + n - 4. What are the prime factors of a(2)?
2, 11
Suppose -5*f + 4*p = -1456, 6*p = 3*f + 5*p - 868. What are the prime factors of f?
2, 3
Let f(i) = -i**2 - 5*i. Let g be f(-5). Let y = g - -5. What are the prime factors of y?
5
Let m(a) = -a**3 - 2*a**2 + 3*a - 4. Let c be m(-3). What are the prime factors of 2*c/((-24)/45)?
3, 5
Let s(q) = q**2 + 3*q - 3. Suppose -a = -3*l - 14 + 3, 4*a - 8 = 0. Let g be s(l). List the prime factors of g/(1 - 4/2).
3
Suppose 12*y = 8*y + 184. What are the prime factors of y?
2, 23
List the prime factors of -1*(-2 - -4) + 40.
2, 19
List the prime factors of (-2*4/(-8) - 2)*-235.
5, 47
What are the prime factors of -90*-1*15/9?
2, 3, 5
Let g(d) = d**3 + 10*d**2 + 10*d + 13. Let w be g(-9). Suppose -w = -2*x - 0. Suppose 0 = -x*o + 16 + 10. What are the prime factors of o?
13
Suppose u + 87 = 325. List the prime factors of u.
2, 7, 17
Let n = 6 - 1. Suppose 2*h - 258 = n*h. What are the prime factors of (-1)/3 - h/6?
2, 7
Let s(n) = 7*n**2 + n + 1. Let p(r) = -r**3 - 7*r**2 - 1. Let q be p(-7). What are the prime factors of s(q)?
7
Suppose -2*r - 6 = -0*r, 0 = -3*s - 3*r + 60. What are the prime factors of s?
23
What are the prime factors of (20/25)/((-6)/(-255))?
2, 17
Let y = 5 + 19. List the prime factors of y.
2, 3
Let f be -2 + 0 - 1*-8. Let y = 10 - f. List the prime factors of y.
2
Suppose -2*n - 3*p + 42 = -0*n, -2*p - 84 = -4*n. Suppose -u + 3*u + 28 = 0. Let v = n + u. What are the prime factors of v?
7
Let b(p) = -p**2 + 10*p - 12. What are the prime factors of b(5)?
13
Let s be 1*((1 - -2) + 2). Suppose 3*a + 32 - 191 = 2*w, 287 = 5*a + 4*w. Suppose n = 2*n + s*i - 8, a = 4*n - 3*i. List the prime factors of n.
13
Suppose 5*m - 3*p = -62, 4*m + 0*m + 3*p + 55 = 0. Let n = m + 22. What are the prime factors of n?
3
Let q(u) = -u**3 - 4 + 14*u**2 + 2 - 10*u**2 - 2*u + 5. List the prime factors of q(3).
2, 3
Let t be (-1 - (-1 - 0))/2. Suppose 2*s - 67 + 11 = t. What are the prime factors of s?
2, 7
Suppose -3*s - q - 1 + 9 = 0, -5*s + q = -24. Let b = s - 2. What are the prime factors of b?
2
Suppose s + 5 = 5*r + 47, -2*r - 3*s = 10. Let n(l) = -l**2 - 8*l + 2. Let u be n(r). What are the prime factors of 2 - (11 + u)/(-1)?
3, 5
Let z(p) be the second derivative of p**4/12 - 5*p**3/6 + 5*p**2/2 + 2*p. What are the prime factors of z(5)?
5
Let m be 4 + 1 + 310/2. Suppose 2*h = -3*h + m. What are the prime factors of h?
2
Suppose 3*u + 4*p - 7 = 0, -5*u + 6 = -2*p + 3*p. Let w(v) = v**2 - 9*v + 12. Let s(m) = m - 1. Let z(g) = u*w(g) + 3*s(g). What are the prime factors of z(6)?
3
Let i(b) = -b**2 + 6*b + 2. Let v be i(5). Let p = v - 5. Suppose p*d + 4 = 4*a, 4*d + 5*a - 27 = d. What are the prime factors of d?
2
Let v = 0 - -2. Suppose 0 = 2*i + v*i - 8. Suppose i*l = -2*l + 8. List the prime factors of l.
2
Suppose v + 100 = 3*v. What are the prime factors of v?
2, 5
Let l(p) = -p**2. Let y(n) = 2*n**2 + 5*n - 6. Let a(z) = z**2 - z + 1. Let w(j) = 5*a(j) + y(j). Let m(h) = -4*l(h) + w(h). List the prime factors of m(-1).
2, 5
Let v(j) = 2*j**2 - 16*j + 6. List the prime factors of v(15).
2, 3
Suppose -75 = -4*z + 65. Suppose h + z + 6 = u, 3*u - 129 = 5*h. What are the prime factors of u?
2, 19
Let t(p) = 2*p - 5. Let z be t(5). Suppose -4 = -z*y + 6. Suppose -2*j + 2 = -5*o, j - 2*o = y*j - 19. List the prime factors of j.
11
Suppose -8*d - 56 = -10*d. What are the prime factors of d?
2, 7
Let k(s) = 87*s**2 - 8*s - 13. Let z(q) = -22*q**2 + 2*q + 3. Let u(f) = -2*k(f) - 9*z(f). What are the prime factors of u(-1)?
5
Let m = 6 + -2. List the prime factors of (-260)/(-15) + m/6.
2, 3
Let l(q) = -q**3 + 6*q**2 - q + 1. What are the prime factors of l(4)?
29
Let d(l) = l**2 + 10*l. Let i be d(-10). Suppose v + 3*v - 32 = i. List the prime factors of v.
2
Suppose -163 = -2*s - 3*h, 3*h + 0*h = 3. List the prime factors of s.
2, 5
Let t(n) = 14*n - 9. What are the prime factors of t(7)?
89
Suppose 0 = 6*w - 3*w. Suppose w = -4*r - 2*y + 4*y + 72, -4*y - 25 = -r. List the prime factors of r.
17
Suppose 0 = g + 1, 5*l - 89 = 5*g + 41. What are the prime factors of l?
5
Suppose 0*j = 2*j - 64. What are the prime factors of j?
2
List the prime factors of 1*105*(-42)/(-70).
3, 7
Let p be 4*(-1)/(-3)*6. Let o = 99 + -97. List the prime factors of ((-16)/o)/(p/(-12)).
2, 3
Let a be (-87)/9 + 4/6. Let v(b) = b**2 + 9*b + 2. What are the prime factors of v(a)?
2
Let r be ((-14)/21)/(4/(-162)). Let f = 11 - r. Let l = f - -23. List the prime factors of l.
7
Let m(y) = y**2 - 8*y - 13. Let o be m(11). What are the prime factors of 2/(-2) + (o - 2)?
17
Let o(u) = 2*u + 12. Let j be o(-9). List the prime factors of 2/j - (-93)/9.
2, 5
Let p = 6 - 0. Let m be -3 + p - 17*-1. Suppose -c - 2*h = -m, 0*c + 72 = 4*c + 4*h. List the prime factors of c.
2
Let l(t) = -t + 1. Let g(w) = -8*w + 21. Let z(h) = -g(h) + 4*l(h). List the prime factors of z(8).
3, 5
Suppose 0 = -4*k + 6*k - 64. List the prime factors of k/(-10)*(-30)/12.
2
Let b = -1 + 0. Let m = 10 + b. What are the prime factors of m?
3
Suppose -5*c - 15 = -0. Let u = c - -12. What are the prime factors of u?
3
Let x(q) = q**3 - 2*q**2 - q + 3. Let o be x(3). List the prime factors of (o*(-2)/3)/(-2).
3
Suppose 0 = -4*l + 3*g + 45, 4*g - 40 = -3*l - 0*g. Let d = l + -7. Suppose -4*i - 3*s + 2*s = -49, -d*i + 61 